
Let x = -798 - -976. What is the remainder when x is divided by 63?
52
Suppose 74 = 3*m - x, 52 = 2*m - 4*x - 14. Let p = 250 - 206. Calculate the remainder when p is divided by m.
21
Suppose 0 = 2*r - d - 87, -175 = -17*r + 13*r + d. What is the remainder when 261 is divided by r?
41
Let j = -173 - -116. Let u = j - -65. What is the remainder when (0 + 2)/(2/15) is divided by u?
7
Let l(v) = v + 27. Let w be l(-22). Suppose -16 = w*j - 141. Calculate the remainder when j is divided by 6.
1
Suppose 0 = -3*o + 4*l + 147, o = 2*o + 2*l - 39. Let q = o - 14. Calculate the remainder when q is divided by 16.
15
Calculate the remainder when 36/(-20)*4130/(-6) is divided by 73.
71
Suppose z + 0*z + 2 = 0, -5*n + 339 = -2*z. Calculate the remainder when n is divided by ((-17)/(-3))/(7/21).
16
Let k = 101 + -101. Suppose 4*a + 138 = 5*x, k*x + a + 106 = 4*x. Calculate the remainder when 96 is divided by x.
18
Suppose -2*g + 5*a = 9 - 59, 116 = 4*g - 2*a. Suppose -u + 2*u = g. What is the remainder when u is divided by 4/16 + (-434)/(-56)?
6
Let q = 5 + 7. Let t = -8 + q. Suppose a - 9 - t = 0. Calculate the remainder when 37 is divided by a.
11
Suppose 2880*n - 36 = 2877*n. What is the remainder when 453 is divided by n?
9
Let w be 868/70 - (-4)/(-10). Suppose -5*x + w = x. Calculate the remainder when 8 is divided by x.
0
Let a(f) = f**2 - 24. What is the remainder when 105 is divided by a(-8)?
25
Suppose 5*o = -2*k + 2360, 2*o - 5*k - 944 = -0*k. What is the remainder when o is divided by 43?
42
Let v = -2165 - -2196. Let k = 1 - -1. Suppose w - k*w = -17. What is the remainder when v is divided by w?
14
Let w = 653 + -625. Calculate the remainder when 333 is divided by w.
25
Let t = 548 - 524. What is the remainder when t is divided by 7?
3
Suppose -6*j + 14*j = 208. Calculate the remainder when 46 is divided by j.
20
Let x(k) = k**3 - 11*k**2 - 15*k + 17. What is the remainder when x(13) is divided by 85?
75
Suppose -q + 15 + 77 = r, q - 456 = -5*r. What is the remainder when r is divided by 3?
1
Suppose h + 43 = s, -144 = -2*s - s - 2*h. Suppose 0 = -2*n - n - 4*t + 69, 2*n = 3*t + s. Let y = -90 - -98. What is the remainder when n is divided by y?
7
Suppose -3*g + 305 = 5*q - g, 49 = q - 2*g. What is the remainder when q is divided by 20?
19
Suppose 4*x - 141 + 13 = 0. Suppose 3*a = -3*l + 363, 4*a + 5*l - 373 = a. Suppose 5*w + 31 - a = 0. What is the remainder when x is divided by w?
15
Let u(o) = 2*o**3 - 14*o**2 + 4*o - 2. Calculate the remainder when u(8) is divided by 40.
38
Let q = -4 + 13. Let f(d) = 3*d - 24. Calculate the remainder when 6 + -1 + 3/(-3) is divided by f(q).
1
Suppose 0 = 5*u - a - 4*a + 280, -2*a + 283 = -5*u. Let q = -45 - u. What is the remainder when 33 is divided by q?
9
Suppose -6*d + 21 + 9 = 0. What is the remainder when 107 is divided by d?
2
Suppose a = 43 + 67. Suppose 0 = -4*j - j + a. What is the remainder when j is divided by 12?
10
Suppose 3*g = -4*v + 24 - 8, 0 = 2*v - 5*g - 8. Calculate the remainder when (-9)/((-9)/v) + 24 is divided by 15.
13
Suppose -f + 1 = 0, -1 + 31 = l - f. What is the remainder when l is divided by (-2*2/8)/(1/(-22))?
9
Suppose -x - 2*w = -246 + 40, 2*x - 3*w = 377. What is the remainder when x is divided by 99?
97
Suppose 0 = 5*y - 5*m - 50, 4*y - 7*y = -5*m - 30. What is the remainder when 27 is divided by y?
7
Let a(b) = b - 19 + 15 + 17 + b. What is the remainder when a(0) is divided by (3 - (0 + -2)) + -2?
1
Let j = -79 + 130. Suppose 3*k - 219 = -5*p, 3*p = 4*p - 3*k - j. What is the remainder when p is divided by 16?
13
Suppose 2*r + 25 = 85. Let i(d) = -2*d**3 + 44*d**2 + 2*d - 36. What is the remainder when r is divided by i(22)?
6
Let x = 1 + 2. Let y(k) = k - k**x + k**2 + 0*k**2 + k - 4*k**2 - 5. What is the remainder when 6 is divided by y(-4)?
0
Let i(d) = 20*d. Let a(k) = k**2 - 6*k - 1. Let z be a(6). Let t be i(z). What is the remainder when (t/(-3) - 2)*15 is divided by 18?
16
Suppose -z - 2 = 0, 4*q - 667 = -4*z + 133. Calculate the remainder when q is divided by 55.
37
Suppose 0 = -7*a + 22 + 41. Let w be ((-22)/(-33))/(2/a). Suppose 0 = -w*p - 0 + 6. What is the remainder when 7 is divided by p?
1
Let u = 46 - 42. Suppose u = -n + 5*n. What is the remainder when 2 is divided by n?
0
Let q = 2 + -1. Let m be ((-10)/(-6))/((-2)/(-12)). Let o = 12 - m. Calculate the remainder when o is divided by q.
0
Suppose 0 = 3*y - 235 - 2. Suppose 120 = -47*j + 50*j. Calculate the remainder when y is divided by j.
39
Let b(z) = -z**3 + 17*z**2 + 20*z - 45. Let o be b(18). Calculate the remainder when (-2 + o)/(2/(-14)) is divided by 27.
23
Let p = 522 + -384. Calculate the remainder when p is divided by 4.
2
Let s(k) = k - 5. Let f be s(4). Let l = 4 + f. Suppose -5*z - 3*m + 86 = 0, -l*m = -3*z + m + 40. What is the remainder when 61 is divided by z?
13
Suppose 2*h + 4*t + 6 = h, 5*t + 45 = 5*h. Let i be (-3)/9 - (-2)/(-3). What is the remainder when (-2 - -1)/(i/17) is divided by h?
5
Suppose 47*z = 5*b + 44*z - 37, b = -5*z + 13. Let n(w) = w**2 - 3*w + 5. What is the remainder when n(6) is divided by b?
7
Suppose 3*j - 500 = -440. Calculate the remainder when 31 is divided by j.
11
Let m be (6/4)/(4/(-96)*-9). Let p = -12 + 29. What is the remainder when p is divided by 415/85 + m/34?
2
Let k(x) = 4 - x**2 + x**3 + 8*x + 8 + 5*x - 12*x. Let h = -74 - -108. Calculate the remainder when h is divided by k(0).
10
Let q(d) = 5*d + 1. Let u be q(1). Suppose -2*k + u*k - 60 = 0. Let m(t) = -46*t - 820. What is the remainder when k is divided by m(-18)?
7
Suppose 5*a - 135 = 5*b, 0 = 9*a - 12*a - 2*b + 86. What is the remainder when 277 is divided by a?
25
Let k(p) = p**3 + 7*p**2 - 3*p - 9. Let b = 870 - 823. Calculate the remainder when b is divided by k(-7).
11
Let q(d) = 5*d - 24. Suppose -b + 3*b - 2*p - 22 = 0, 4*b + p = 64. Calculate the remainder when q(b) is divided by 9.
6
Let f = -53 - -52. Let q(s) = 4*s - 1. Calculate the remainder when f/(4/(-3 + -173)) is divided by q(6).
21
Suppose 3*q - 25 - 38 = -3*v, -3*v - 84 = -4*q. Suppose -2*s = -4*n + 4, 22 = 3*s - 0*s + n. Calculate the remainder when q is divided by s.
3
Let w = 4 + 1. Suppose 5*u = -t + 228, 3*u - w*t - 77 = 43. Let v = 0 + u. What is the remainder when v is divided by 12?
9
Suppose 0*q - 21 = -3*p + 4*q, 5*q - 37 = -2*p. Calculate the remainder when -2 + (2/(-3))/(6/(-369)) is divided by p.
6
Suppose 33*n - 378 = 12*n. What is the remainder when 48 is divided by n?
12
Let t = 240 - 207. What is the remainder when 109 is divided by t?
10
Let u = 54 - 51. Calculate the remainder when (-4)/(-6) - u/(18/(-662)) is divided by 14.
13
Let a be 67/((-4)/(-4)*1). Let g = -26 + a. What is the remainder when g is divided by 11?
8
Suppose p = 2 + 1. Let q = p + 4. Suppose -5*c = -189 + 69. Calculate the remainder when c is divided by q.
3
Suppose -2*r - r = -5*m + 107, -5*m - 5*r = -75. Suppose 4*z - 38 = -5*v - 0*z, -v = 4*z + 2. What is the remainder when m is divided by v?
9
Let n = 5 - -5. Let y = -1 - -6. Suppose -14 = -y*w + 1. What is the remainder when n is divided by w?
1
Let s(v) = 22*v**2 - v. Let h(m) = 4*m - 3. Let g be h(2). Suppose -g*u + 277 = -63. What is the remainder when u is divided by s(-1)?
22
Let r be -4*3*1/12. Let c be -1*10/(r - 1). Suppose -72 + 12 = -c*v. Calculate the remainder when 33 is divided by v.
9
Let z(b) = -b**3 + 3*b**2 + 4*b + 1. Let h = 5 - 10. Let k be (-1)/(h/(-3) - 2). What is the remainder when 24 is divided by z(k)?
11
Suppose y - 7 = 3*s - 25, -2*y + 27 = 3*s. Suppose -3 = 2*i + 7. Let t = i + 8. What is the remainder when s is divided by t?
1
Let y = 46 + 31. Calculate the remainder when 227 is divided by y.
73
Let d = -7 - -30. Let w = 2 + d. What is the remainder when 48 is divided by w?
23
Suppose -y + 0*y + 3 = -2*w, 43 = 5*y + 4*w. Calculate the remainder when 96 is divided by y.
5
Suppose -5*a - 154 = 121. Let j = -38 - a. Let v = -12 - -18. Calculate the remainder when j is divided by v.
5
Suppose 5*b - 18 = -2*v, b - 4 = -2. Suppose 0*g + 20 = v*g. What is the remainder when 8 is divided by g?
3
Suppose -3*t = -3 - 6, -4*i + 3*t + 51 = 0. Suppose -4*s = s - 4*j - 202, 0 = -3*s + j + 124. Calculate the remainder when s is divided by i.
12
Suppose 0*x - 